, 24 = q - 4*m. What is the remainder when 108 is divided by q?
8
Let v = -248 - -278. Calculate the remainder when 119 is divided by v.
29
Let x(i) = 36*i**2 + 2*i - 3. Let l be ((-24)/9 - -2)*-27. Suppose -2*k + 3*k = l. What is the remainder when x(1) is divided by k?
17
Let z = 244 + -240. Calculate the remainder when 5 is divided by z.
1
Suppose 10*d + 0*d - 80 = 0. Suppose -2*i - 6 = -2*c + 80, -4*i = -d. Let o = -2 - -25. What is the remainder when c is divided by o?
22
Suppose -5*b - 12 = -11*b. Let w(i) = -i**2 + i - b*i - 22*i + 5*i - 25. What is the remainder when w(-13) is divided by 22?
18
Let w be 3 + (9 + 2)/(3/(-6)). Let q = -16 - w. What is the remainder when 11 is divided by q?
2
Let f(u) = -5*u + 96. What is the remainder when 486 is divided by f(7)?
59
Suppose -2*k - 2*k + 14 = 3*r, 2*r - 16 = 4*k. Calculate the remainder when 12 is divided by (15/r + -1)*2.
0
Calculate the remainder when 213 is divided by (5/(-5 + 0) - -6) + 31.
33
Let s be (-8)/(-36) + 507/27. Let w = 20 - s. What is the remainder when 2 + 2*1/2 is divided by w?
0
Suppose -4*b = -11*b + 231. Suppose 2*i + 4*n - b = 45, -n = 1. Calculate the remainder when i is divided by 22.
19
Suppose 0 = -273*b + 272*b + 399. Calculate the remainder when b is divided by 50.
49
Let t = -33 + 37. Suppose t*y - 4*v - 44 = 0, 2*y - 4*v - 18 - 8 = 0. What is the remainder when 70 is divided by y?
7
Let g = -247 - -345. What is the remainder when g is divided by 50?
48
Suppose -10*x = -12*x + 78. Suppose 5*z - 32 = 68. What is the remainder when x is divided by z?
19
Suppose 3*r - 60 = 7*r. What is the remainder when (-2)/7 + 228/14 is divided by (6/(-5))/(3/r)?
4
Let w(y) = -y**2 + 6*y + 9. Let t be w(7). Suppose 4*x + n - 187 = 0, 3*x + t*n + 106 = 5*x. Let s = x - 33. What is the remainder when 28 is divided by s?
13
Suppose -5*u - 2*z + 80 = 0, 5*z - 2*z = u - 16. Suppose -24 - 6 = -5*s. Calculate the remainder when u is divided by s.
4
Let n = -39 - -84. What is the remainder when n is divided by 17?
11
Let o = -6 + 12. Suppose -o*b + 112 = -2*b. Suppose 2*t - 24 = -v, 4*t + 5*v = 26 + b. Calculate the remainder when 31 is divided by t.
9
What is the remainder when (0 + 1)/(1/99) is divided by (-214)/(-6527) + (-6216)/(-183)?
31
Let t(r) = 7*r**2 - 21*r + 30. Calculate the remainder when t(5) is divided by 36.
28
Let r(x) = 2*x**2 - 47*x - 5. Suppose 0 = -2*o + 27 + 45. Calculate the remainder when o is divided by r(24).
17
Let p be ((-5)/(25/22))/(9/(-45)). Suppose 0 = -3*o + p + 20. What is the remainder when ((-1)/(-3))/(1/123) is divided by o?
13
Suppose -2*u + 4*s - 4 = 0, -5*u - 2*s = -4*s - 30. Calculate the remainder when 60 is divided by u.
4
Suppose -2*m + 1116 = 34*m. What is the remainder when 42 is divided by m?
11
Suppose 2*g + 5*w = 176, -3*w = g - 45 - 43. Calculate the remainder when g is divided by 18.
16
Suppose -9*t = t + 18240. What is the remainder when t/(-26) + -2 - 16/104 is divided by 14?
12
Suppose 2*d - 31 = -q, -4*d + 29 = -3*d + 5*q. What is the remainder when 366 is divided by d?
2
Suppose -5*s - 14 = -89. Suppose -4*k = -7*k + s. Suppose -4*i + 0*i + 27 = -k*r, 5*r = 2*i - 1. Calculate the remainder when 50 is divided by i.
11
Suppose -4*r - 20 = -3*u, r + 7 + 7 = 3*u. Calculate the remainder when (-1211)/(-14) + r/(-4) is divided by 22.
21
Suppose -7*k + 438 + 1326 = 0. What is the remainder when k is divided by 11?
10
Let n(h) = -4*h**2 - 6*h - 5. Let i(k) = 5*k**2 + 6*k + 6. Let w(c) = -3*i(c) - 4*n(c). Calculate the remainder when (-2)/4 + 693/42 is divided by w(-7).
7
Calculate the remainder when -2 - (14/(-35))/((-4)/(-1420)) is divided by 36.
32
Let i = -257 - -685. Calculate the remainder when i is divided by 39.
38
Suppose -2*w + 313 = -m - 2442, 2*w + 2*m - 2752 = 0. What is the remainder when w is divided by 92?
89
Suppose -2*t + 3 - 173 = 0. Let i = t - -121. Calculate the remainder when 106 is divided by i.
34
Let d = 0 + 2. Suppose 5*k + 6 = d*k. Calculate the remainder when 81 is divided by (-1 - -29) + 0/k.
25
Let p(o) = -o**3 - o**2 + 4*o + 3. Let y be p(-2). Let q be (4/8)/(y/(-70)). What is the remainder when 72 is divided by (-3 - 0 - -5) + q?
35
Let n(z) = -4*z - 49. Calculate the remainder when n(-26) is divided by 5.
0
Suppose 203 - 59 = -12*j. Let y = j + 216. What is the remainder when y is divided by 26?
22
Let s(l) = 34*l**2 + 8*l + 9. Calculate the remainder when 278 is divided by s(-1).
33
Let x(t) = t**2 - 3*t - 12. Let g be x(6). Suppose -g*h = 145 - 559. What is the remainder when h is divided by 24?
21
Suppose d + 275 = 6*d. Suppose -2*r + 3 = -3, -5*q + 85 = 5*r. What is the remainder when d is divided by q?
13
Suppose -t - 1 = 0, 2*g + 26*t - 27*t - 57 = 0. Calculate the remainder when g is divided by 15.
13
What is the remainder when (7 + 142 - 4) + 5/5 is divided by 10?
6
Let u = 10597 + -10592. Calculate the remainder when u is divided by (2 - 1)/(1/2).
1
Let o = -2986 - -3328. What is the remainder when o is divided by 70?
62
Suppose -19*s + 4211 = -1052. What is the remainder when s is divided by 50?
27
Let o = 9 + -18. Let u = -7 - o. Suppose s - 5*h - 11 = 0, 3*s - 4*h = -u*s + 13. Calculate the remainder when 2 is divided by s.
0
Calculate the remainder when ((-75)/125)/(3/(-1055)) is divided by 32.
19
What is the remainder when (9 + -5)*(29 + -3) is divided by 14?
6
Let x(f) be the first derivative of f**3 + 7*f**2/2 - f + 5. Calculate the remainder when x(5) is divided by 28.
25
Let n = -1205 + 1229. Calculate the remainder when 223 is divided by n.
7
Let c be -10 - (7 - 4)*-1. What is the remainder when 2/14 - 146/c is divided by 8?
5
Calculate the remainder when (-5)/(-2)*1*1308/10 is divided by 41.
40
Let t(z) = 4*z + 210. Calculate the remainder when t(-20) is divided by 38.
16
Let u(g) = 34*g + 4. What is the remainder when u(3) is divided by (-6 + (4 - -3))/((-1)/(-22))?
18
Let r = 36 + -33. Suppose 2*s - 315 = -r*u, -273 - 124 = -4*u + 5*s. What is the remainder when u is divided by 8?
7
Suppose -25*d + 786 + 989 = 0. What is the remainder when 495 is divided by d?
69
Suppose -4*d - 5*c = -1904, -d - 31*c + 465 = -27*c. What is the remainder when d is divided by 98?
89
Let h(c) = -8*c - 3. Suppose -8*g + 22 + 95 = 53. What is the remainder when h(-4) is divided by g?
5
Suppose -t - 5 = 3*j, 17 = 5*t + 3*j - 2*j. Let p(r) = -2*r**3 - 1 - t*r**2 + 3*r**3 + 9 - 10*r. Calculate the remainder when 58 is divided by p(6).
18
Let s(i) = i**3 + 5*i**2 + 6*i + 4. What is the remainder when 5 is divided by s(-3)?
1
Suppose 4*j = 5*g - j - 50, -55 = -4*g - j. Calculate the remainder when 85 is divided by g.
7
Suppose -a = 3*a - 5*g - 3266, -5*g + 1618 = 2*a. What is the remainder when a is divided by 19?
16
Suppose -f = f - 42. Let m = -70 - -50. Let d = -14 - m. Calculate the remainder when f is divided by d.
3
Suppose d + 441 = 2*v, -1057 = -5*v + 4*d + 41. Calculate the remainder when v is divided by 65.
27
Let c(s) = -s + 53. What is the remainder when 95 is divided by c(5)?
47
Suppose 5*s + 95 = 8*m - 3*m, 2*m - s = 34. Calculate the remainder when m is divided by (-2 - -22)*(2 + 7/(-4)).
0
Let c = -46 - -90. What is the remainder when c is divided by 18?
8
Suppose 2*g = 5*q + 542, -6*g - 5*q - 276 = -7*g. What is the remainder when g is divided by 91?
84
Suppose -3*c + 44 = 29. What is the remainder when -1 - c/(-1) - -22 is divided by 7?
5
Suppose 3*l = 93 + 9. What is the remainder when 49 is divided by l?
15
Let o(s) = -s + 18. Suppose -208 - 1517 = -25*t. Calculate the remainder when t is divided by o(0).
15
Suppose -21*g + 248 = 17. Calculate the remainder when 30 is divided by g.
8
Let h(g) = -23*g + g**3 + 7 + 2 - 4*g**2 + 14*g**2 + 11*g. Let x be (22/4)/((-2)/4). Calculate the remainder when 58 is divided by h(x).
18
Let w(t) = -t**3 + 5*t**2 - 2 + 0*t**2 + 1 - 4*t. Let m be (3 - 6) + 1 + (8 - 3). What is the remainder when 12 is divided by w(m)?
2
Let w be 5/45*3*-573. Let u = w + 79. Calculate the remainder when 69 is divided by (-2)/3 - u/6.
15
Suppose 3*v - 5*v = 5*r - 24, -22 = -2*v - 4*r. Suppose v*w - 285 - 51 = 0. What is the remainder when w is divided by 26?
22
Let p(r) = r**2 - 1 - 9*r**2 - r**3 - 3*r + 0*r**3 - 2*r**2. Let m be p(-10). Let u = 57 - m. What is the remain